{"id":406,"date":"2012-09-01T17:42:33","date_gmt":"2012-09-01T14:42:33","guid":{"rendered":"http:\/\/healingrooms.ee\/?page_id=406"},"modified":"2015-11-01T14:50:01","modified_gmt":"2015-11-01T12:50:01","slug":"jargmine-samm","status":"publish","type":"page","link":"https:\/\/healingrooms.ee\/?page_id=406","title":{"rendered":"J\u00e4rgmine samm"},"content":{"rendered":"<p style=\"text-align: center;\"><span style=\"font-size: medium; color: #000080;\"><strong>Praktilised sammud j\u00e4rgmiseks \u00a0 \u00a0 <a href=\"http:\/\/healingrooms.ee\/wp-content\/uploads\/2012\/09\/J\u00e4rgmised-sammud5.jpg\"><img loading=\"lazy\" class=\"aligncenter size-full wp-image-659\" src=\"http:\/\/healingrooms.ee\/wp-content\/uploads\/2012\/09\/J\u00e4rgmised-sammud5.jpg\" alt=\"J\u00e4rgmised sammud\" width=\"224\" height=\"224\" srcset=\"https:\/\/healingrooms.ee\/wp-content\/uploads\/2012\/09\/J\u00e4rgmised-sammud5.jpg 224w, https:\/\/healingrooms.ee\/wp-content\/uploads\/2012\/09\/J\u00e4rgmised-sammud5-150x150.jpg 150w\" sizes=\"(max-width: 224px) 100vw, 224px\" \/><\/a><\/strong><\/span><\/p>\n<p style=\"text-align: center;\">\n<p><span style=\"color: #333399;\"><strong>\u00a0Healing Rooms palvet\u00f6\u00f6ga liitumise etapid<\/strong>:<\/span><\/p>\n<ol start=\"1\">\n<li><span style=\"color: #000080;\">Osale Healing Rooms Estonia MT\u00dc korraldataval koolitusel<\/span><\/li>\n<li><span style=\"color: #000080;\">Pastori soovituskiri<\/span><\/li>\n<li><span style=\"color: #000080;\">Vestlus kohaliku Healing Rooms juhiga<\/span><\/li>\n<\/ol>\n<p><span style=\"color: #000080;\">* Oled teretulnud Healing Rooms palveteenistusse! Kui sinu piirkonnas ei ole veel tegutsevat Palvekliinikut, v\u00f5id liituda palvegrupiga, kus palvetatakse Healing Roomi t\u00f6\u00f6 alustamise p\u00e4rast selles piirkonnas.<\/span><\/p>\n<p><span style=\"color: #000080;\">Vaata:\u00a0<span style=\"text-decoration: underline;\"><a title=\"Teised piirkonnad\" href=\"http:\/\/healingrooms.ee\/?page_id=451\" target=\"_blank\"><span style=\"text-decoration: underline; color: #000080;\">Teised piirkonnad<\/span><\/a><\/span><\/span><\/p>\n<p><span style=\"color: #000080;\">* Kui soovid liituda juba tegutseva Palvekliinikuga, siis osale k\u00f5igepealt Healing Room Estonia MT\u00dc korraldataval koolitusel, vaata:\u00a0<span style=\"text-decoration: underline;\"><a title=\"HRE koolitus\" href=\"http:\/\/healingrooms.ee\/?page_id=486\" target=\"_blank\"><span style=\"text-decoration: underline; color: #000080;\">Koolitus<\/span><\/a><\/span>. Varasemad koolitused (hingehoid, n\u00f5ustamine, ps\u00fchholoogia vms) nimetatud koolitust ei asenda. On oluline, et leiad endale just sobiva koha, kas Healing Rooms \u00fclesannetes v\u00f5i mujal ning saad ellu viia Jumala poolt antud kutset!<\/span><\/p>\n<p><span style=\"color: #000080;\">* Kui tunned peale koolitusel l\u00e4bimist soovi Healing Roomi t\u00f6\u00f6ga liituda, v\u00f5ta \u00fchendust kohaliku Healing Roomi juhiga ja leppige kokku vestluse\/kohtumise aeg \u00a0<a href=\"mailto:info@healingrooms.ee\"><span style=\"color: #000080;\">info@healingrooms.ee<\/span><\/a>\u00a0v\u00f5i v\u00f5ta \u00fchendust kohaliku Healing Roomiga otse, vaata:\u00a0<a href=\"http:\/\/healingrooms.ee\/?page_id=32\" target=\"_blank\"><span style=\"color: #000080;\">Kontakt<\/span><\/a>. Kohtumise eesm\u00e4rk on vesteldes ja palvetades iga\u00fchele sobiva \u00fclesande leidmine ning teineteise paremini tundma\u00f5ppimine.<\/span><\/p>\n<ul>\n<li><span style=\"color: #000080;\">Iga\u00fcks, kes soovib endale v\u00f5tta meeskonna juhtimise vastutust, viib oma pastorile\/\u00f5petajale soovituskirja blanketi. Pastor saadab selle kirjas olevale aadressile. Soovituskiri on konfidentsiaalne.<\/span><\/li>\n<li><span style=\"color: #000080;\">Tutvu rahulikult Healing Rooms tegevusega. Tule ise Palvekliinikusse eestpalvele ning palu meeskonna juhtimise eest vastutuse v\u00f5tmise osas Jumalalt juhatust.<\/span><\/li>\n<li><span style=\"color: #000080;\">Kui soovid alustada oma piirkonnas uut Healing Room palvekliinikut, vaata:\u00a0<span style=\"text-decoration: underline;\"><a title=\"Uue Palvekliiniku alustamine\" href=\"http:\/\/healingrooms.ee\/?page_id=511\" target=\"_blank\"><span style=\"text-decoration: underline; color: #000080;\">Uue Palvekliiniku alustamine<\/span><\/a><\/span>.<\/span><\/li>\n<\/ul>\n<p><span style=\"color: #000080;\">\u201eL\u00f5ikust on palju, t\u00f6\u00f6tegijaid aga v\u00e4he. Paluge siis l\u00f5ikuse Issandat, et ta saadaks t\u00f6\u00f6tegijaid v\u00e4lja oma l\u00f5ikusele!\u00a0\u00a0(Mt 9:37-38)<\/span><\/p>\n","protected":false},"excerpt":{"rendered":"<p>Praktilised sammud j\u00e4rgmiseks \u00a0 \u00a0 \u00a0Healing Rooms palvet\u00f6\u00f6ga liitumise etapid: Osale Healing Rooms Estonia MT\u00dc korraldataval koolitusel Pastori soovituskiri Vestlus kohaliku Healing Rooms juhiga * Oled teretulnud Healing Rooms palveteenistusse! Kui sinu piirkonnas ei ole veel tegutsevat Palvekliinikut, v\u00f5id liituda palvegrupiga, kus palvetatakse Healing Roomi t\u00f6\u00f6 alustamise p\u00e4rast selles piirkonnas. Vaata:\u00a0Teised piirkonnad * Kui soovid [&hellip;]<\/p>\n","protected":false},"author":1,"featured_media":0,"parent":353,"menu_order":2,"comment_status":"closed","ping_status":"closed","template":"","meta":[],"_links":{"self":[{"href":"https:\/\/healingrooms.ee\/index.php?rest_route=\/wp\/v2\/pages\/406"}],"collection":[{"href":"https:\/\/healingrooms.ee\/index.php?rest_route=\/wp\/v2\/pages"}],"about":[{"href":"https:\/\/healingrooms.ee\/index.php?rest_route=\/wp\/v2\/types\/page"}],"author":[{"embeddable":true,"href":"https:\/\/healingrooms.ee\/index.php?rest_route=\/wp\/v2\/users\/1"}],"replies":[{"embeddable":true,"href":"https:\/\/healingrooms.ee\/index.php?rest_route=%2Fwp%2Fv2%2Fcomments&post=406"}],"version-history":[{"count":38,"href":"https:\/\/healingrooms.ee\/index.php?rest_route=\/wp\/v2\/pages\/406\/revisions"}],"predecessor-version":[{"id":1657,"href":"https:\/\/healingrooms.ee\/index.php?rest_route=\/wp\/v2\/pages\/406\/revisions\/1657"}],"up":[{"embeddable":true,"href":"https:\/\/healingrooms.ee\/index.php?rest_route=\/wp\/v2\/pages\/353"}],"wp:attachment":[{"href":"https:\/\/healingrooms.ee\/index.php?rest_route=%2Fwp%2Fv2%2Fmedia&parent=406"}],"curies":[{"name":"wp","href":"https:\/\/api.w.org\/{rel}","templated":true}]}}